) is divided by 60/(-35)*(0 + (-14)/4)?
0
Let y(o) = o - 3. Let s be y(13). Suppose 0 = 3*u - 3*x - 17 - s, u + 2*x = 0. What is the remainder when 13 is divided by u?
1
Suppose 0 = -5*w + 3*w - 114. Let y = 69 + w. Let a(c) = -c**3 - 3*c**2 - c + 1. What is the remainder when a(-4) is divided by y?
9
Suppose 2*f - 4*f = -156. Suppose 334 = 2*m + 302. What is the remainder when f is divided by m?
14
Suppose -x + 1 = 0, -5*x - 1049 = -3*k - 10*x. What is the remainder when k is divided by 30?
18
Suppose -5*d = -8*d + 4*u + 395, 3*u + 651 = 5*d. Calculate the remainder when d is divided by 11.
8
Suppose 360 = -100*l + 115*l. Suppose 3*o = -2*z - 2*o + 43, 0 = -4*z + o + 31. Calculate the remainder when l is divided by z.
6
Suppose 4*t = 121 + 7. Suppose 0 = 3*f + 12, -x = 3*x - 5*f - t. Suppose 0 = 5*d - 2*w - 102, 0 + x = -3*w. Calculate the remainder when 39 is divided by d.
19
Suppose p - 331 = -4*o - 0*p, -351 = -4*o + 3*p. Suppose -2*n + o = -56. What is the remainder when 69 is divided by (40/50)/(4/n)?
13
Suppose 16*s - 64 = 256. Suppose 0 = -0*h - 2*h + 22. Calculate the remainder when s is divided by h.
9
Suppose -78*g + 7288 = -7532. Calculate the remainder when g is divided by 112.
78
Suppose 2*b + 3*v = v + 22, 0 = -b - 4*v + 26. Suppose b*f - 63 = 291. Let g = 35 - 20. What is the remainder when f is divided by g?
14
Let n = -177 - -212. Calculate the remainder when 100 is divided by n.
30
Let b = 3 - 6. Let r(l) be the second derivative of 5*l**4/12 - 3*l + 75. What is the remainder when r(b) is divided by 17?
11
What is the remainder when (-12)/(-60) + 188/10 - 0 is divided by 4?
3
Suppose 3*x + 3*m - 270 = 0, -3*x + 4*x + 5*m - 110 = 0. Calculate the remainder when x is divided by 4.
1
Let p(r) = 2*r - 12. Let c be p(6). Suppose -3*b + c*b = -18. Suppose -b = -v + 5. Calculate the remainder when 19 is divided by v.
8
What is the remainder when ((-2384)/(-32))/((-3)/(-6)) is divided by 5?
4
Let x = 67 + -43. Calculate the remainder when 76 is divided by 13 - -1 - 0 - (-23 + x).
11
Suppose -3*l = -3*j + 6, 2*j + 2*j - 4 = 0. Let s(u) = -65*u - 2. What is the remainder when s(l) is divided by 23?
17
Suppose -4*h + 3*k + 507 + 1517 = 0, -2530 = -5*h + 4*k. What is the remainder when h is divided by 85?
81
Suppose -48 = -2*u - 2*q, -7*q + 3*q + 30 = u. Calculate the remainder when 81 is divided by u.
15
What is the remainder when 2/(-7) - (-4 - (-23220)/(-126)) is divided by 64?
60
Suppose 1096 = 12*n + 256. Calculate the remainder when 119 is divided by n.
49
Let m = -438 - -451. What is the remainder when 38 + (-2 - 0 - 0) is divided by m?
10
Suppose -2*o - 33 = -3*o. Let t = 1816 - 1755. Calculate the remainder when t is divided by o.
28
Suppose 2*z + z = 45. Suppose -z = -5*q, 4*n - 121 + 0 = q. What is the remainder when n is divided by 9/(-6) + (-74)/(-4)?
14
Let v(t) = t**3 - 12*t**2 - 6*t - 68. Calculate the remainder when 298 is divided by v(13).
22
Let w(t) = -2*t - 6. Let h be w(-11). Suppose -h = -4*z + 24. Calculate the remainder when z is divided by 4.
2
Suppose -4*b + 4*m = -28, 4*m + 23 = -3*b + 9. Calculate the remainder when (42/(-35))/(b/(-60)) is divided by 19.
17
Let g = -153 + 19. Let u = -109 - g. What is the remainder when 48 is divided by u?
23
Let c be (15/(45/(-4)))/((-4)/210). Suppose -3*p + c = 4*p. Calculate the remainder when 15 is divided by p.
5
What is the remainder when 65 is divided by 4 + (157/5 - (-2)/(-5))?
30
Suppose 3*l + 1 = 163. What is the remainder when l is divided by 21?
12
Suppose -k = -3*o + 243, 0 = o - k - 13 - 66. What is the remainder when o is divided by 14?
12
Let o be (12/(-5))/((-34)/425). Suppose -3*l - 2*l + o = 0. What is the remainder when 15 is divided by l?
3
Let t = -88 + 136. Calculate the remainder when 187 is divided by t.
43
Suppose 21 = t - 5*h - 32, -5*h = 15. What is the remainder when 5 + -2 + (0 - -31) is divided by (6 - 4)*t/4?
15
Let n = 460 - 434. Calculate the remainder when n is divided by 17.
9
Let h(x) = -x**2 - 4*x - 6. Let g be h(-5). Let b(z) = -z**3 - 11*z**2 - 2*z - 13. What is the remainder when 35 is divided by b(g)?
8
Suppose x - 5*g = -3*g, 4*x = 3*g - 5. Let z(f) = -21*f - 57. Calculate the remainder when z(-8) is divided by 3 - 0 - 50/x.
27
Calculate the remainder when 1 + 20/(-12) - 6654/(-18) is divided by 34.
29
Let o(f) = -f**3 + 7*f**2 + 22*f - 46. What is the remainder when 391 is divided by o(8)?
61
Let o(t) = -t**2 - 13*t - 12. Let r be o(-12). Calculate the remainder when 67 is divided by (-3185)/(-175) + (r - 2/10).
13
Suppose 9*w + 68 = -121. Let i = w - -30. What is the remainder when 24 is divided by i?
6
Let i(h) = 0*h - 2*h + 15*h + h - 4. Suppose 0 = -m + 1 + 2. Calculate the remainder when i(m) is divided by 20.
18
Suppose 0 = 3*g - 4*s - 21, 4 = 5*g + 3*s - 2. Suppose -36 = -g*a + a. Suppose 2*m + a = 36. What is the remainder when m is divided by 3?
0
Let b be 2/(-8) - (-2)/8. Suppose -3*x + 6*x - 15 = b, -3*x + 295 = 2*g. Suppose 5*a - g = -0*a. What is the remainder when a is divided by 6?
4
Suppose 2*j - 5*j = -18. Let o(i) = 16*i - 7. Let w(l) = -609*l + 266. Let y(b) = 77*o(b) + 2*w(b). Calculate the remainder when y(j) is divided by 26.
25
Let n(i) = -10*i + 27 - 9*i + 10*i. What is the remainder when n(-4) is divided by 13?
11
Let v = 248 - 176. Calculate the remainder when 109 is divided by v.
37
Let y be 1/2 - 5/(-2). Suppose 4*r - 32 = 3*r + 4*m, y*m - 15 = 0. Let b(t) = -t**3 - 11*t**2 - 4*t - 26. Calculate the remainder when r is divided by b(-11).
16
Let a = -176 - -299. What is the remainder when a is divided by -1*9*112/(-48)?
18
What is the remainder when 102 is divided by ((-18)/(-5) + -4)*-65?
24
What is the remainder when ((-1)/4*2)/(995/250 - 4) is divided by 4/5*(-35)/(-2)?
11
Let o = 192 - -80. What is the remainder when o is divided by 69?
65
Let z = -45 - -31. Let d be z/7*54/4. Calculate the remainder when d/(0 - -1 - 2) is divided by 15.
12
Suppose 5*i = 1 + 89. Calculate the remainder when 69 is divided by i.
15
Suppose -6 - 3 = 3*b. Let q(z) = z**3 + 2*z**2 - 6*z. What is the remainder when q(b) is divided by 4?
1
Let z(i) = i**3 - 5*i**2 + 6*i - 4. Suppose k = -5*n + 633, 7*k + 391 = 3*n + 2*k. What is the remainder when n is divided by z(5)?
23
Suppose -f = 5*o + 325, 3*o + 3*f + 33 = -162. Let s = 82 + o. Calculate the remainder when s is divided by 6.
5
Let g(o) = -16*o + 1. Let j(a) = -1. Let r(f) = g(f) + 3*j(f). Suppose 0 = -60*c + 57*c - 6. What is the remainder when r(c) is divided by 16?
14
Calculate the remainder when 127 is divided by (-1 + (-69)/6)*2/(-5).
2
Let u be ((-12)/(-14))/(22/77). Let f(b) be the third derivative of b**4/12 + b**3/6 - b**2. What is the remainder when 20 is divided by f(u)?
6
Suppose 60*c = 74*c - 686. What is the remainder when 132 is divided by c?
34
Suppose -3*l = 4*t + 38, 4*l + 16 = 5*t + 48. Let k = -7 + t. Let b = k - -19. Calculate the remainder when 12 is divided by b.
0
Let t be 2/8 - 150/(-40). Suppose -t*x = -5*x. Suppose x = -2*f + 4*f - 102. Calculate the remainder when f is divided by 26.
25
Let z = 967 + -932. Calculate the remainder when z is divided by 14.
7
Suppose 87 + 1 = 8*n. Calculate the remainder when 60 is divided by n.
5
Let s(d) = -d**3 + 10*d**2 - 10*d - 7. What is the remainder when 79 is divided by s(8)?
38
Let a = 1428 - 1372. Calculate the remainder when 557 is divided by a.
53
Let s = 559 - 381. What is the remainder when s is divided by 60?
58
Let j = -4 - -27. Suppose -3*n - 3*q = -4*q - 37, 2*n - q = j. Let p(c) = 6*c**2 - 5*c - 2. Calculate the remainder when p(-3) is divided by n.
11
Let v be (-4 - -2)*-4*(-1)/(-1). Suppose v*z = 497 - 105. Calculate the remainder when z is divided by 15.
4
Let o(m) = -28*m - 1. Suppose -90*n + 96*n + 228 = 0. Let h = n + 46. What is the remainder when o(-1) is divided by h?
3
Let c = 504 + -452. Calculate the remainder when 165 is divided by c.
9
Let m(g) = 2 - 6*g + 8*g**2 + 4*g**3 - 3*g**3 + 8*g. What is the remainder when 108 is divided by m(-7)?
34
Calculate the remainder when ((-3839)/(-9))/11 - (-8)/36 is divided by 19.
1
Let g(d) = 24*d - 1. Suppose 5*c - 4*c = 12. Calculate the remainder when g(1) is divided by c.
11
Suppose -c + 3 = 2. Let x(f) = -5 + 18 + c + f**2 - 16*f. Wh